{"id":3944,"date":"2018-09-11T19:11:01","date_gmt":"2018-09-11T19:11:01","guid":{"rendered":"https:\/\/saude-escudeiro.pt\/mais\/"},"modified":"2019-01-18T12:56:07","modified_gmt":"2019-01-18T12:56:07","slug":"plus","status":"publish","type":"page","link":"https:\/\/saude-escudeiro.pt\/fr\/plus\/","title":{"rendered":"Plus"},"content":{"rendered":"<\/div><\/div><\/div><!-- close content main div --><\/div><\/div><div id='curiosidades' class='av-layout-grid-container entry-content-wrapper main_color av-flex-cells   av-small-hide av-mini-hide   container_wrap sidebar_right'   >\n<div class=\"flex_cell no_margin av_one_half   avia-full-stretch \" style='height:500px; min-height:500px;background: #22689e; vertical-align:middle; padding:80px; background-color:#22689e; '><div class='flex_cell_inner' ><p><div style='padding-bottom:10px; color:#ffffff;font-size:38px;' class='av-special-heading av-special-heading-h3 custom-color-heading blockquote modern-quote modern-centered   av-inherit-size '><h3 class='av-special-heading-tag '  itemprop=\"headline\"  >Conseils d\u2019optimisation<\/h3><div class='special-heading-border'><div class='special-heading-inner-border' style='border-color:#ffffff'><\/div><\/div><\/div><br \/>\n<section class=\"av_textblock_section \"  itemscope=\"itemscope\" itemtype=\"https:\/\/schema.org\/CreativeWork\" ><div class='avia_textblock  av_inherit_color '  style='color:#ffffff; '  itemprop=\"text\" ><header class=\"entry-content-header\">\n<h3><\/h3>\n<h3><\/h3>\n<h3 class=\"slide-entry-title entry-title\" style=\"text-align: center;\">DORMIR<\/h3>\n<p style=\"text-align: center;\">Toujours se coucher et se r\u00e9veiller au m\u00eame moment, m\u00eame le week-end, est la cl\u00e9 pour \u00e9tablir un sch\u00e9ma de sommeil correct et r\u00e9gulier.<\/p>\n<\/header>\n<\/div><\/section><\/p>\n<\/div><\/div><div class=\"flex_cell no_margin av_one_half   avia-full-stretch \" style='height:500px; min-height:500px;background:url(https:\/\/saude-escudeiro.pt\/wp-content\/uploads\/2018\/10\/homem_despertador_sono.jpg) center center no-repeat scroll; vertical-align:middle; padding:80px; '><div class='flex_cell_inner' ><\/div><\/div>\n<\/div>\n<\/div><\/div><\/div><!-- close content main div --><\/div><\/div><div id='curiosidades' class='av-layout-grid-container entry-content-wrapper main_color av-flex-cells   av-small-hide av-mini-hide   container_wrap sidebar_right'   >\n<div class=\"flex_cell no_margin av_one_half   avia-full-stretch \" style='height:500px; min-height:500px;background:url(https:\/\/saude-escudeiro.pt\/wp-content\/uploads\/2018\/10\/imagem-pag-mais_fome.jpg) center center no-repeat scroll; vertical-align:middle; padding:80px; '><div class='flex_cell_inner' ><\/div><\/div><div class=\"flex_cell no_margin av_one_half   \" style='height:500px; min-height:500px;background: #157ab9; vertical-align:top; padding:80px; background-color:#157ab9; '><div class='flex_cell_inner' ><p><div style='padding-bottom:10px; color:#ffffff;font-size:38px;' class='av-special-heading av-special-heading-h3 custom-color-heading blockquote modern-quote modern-centered   av-inherit-size '><h3 class='av-special-heading-tag '  itemprop=\"headline\"  >SAVIEZ-VOUS QUE&#8230;<\/h3><div class='special-heading-border'><div class='special-heading-inner-border' style='border-color:#ffffff'><\/div><\/div><\/div><br \/>\n<section class=\"av_textblock_section \"  itemscope=\"itemscope\" itemtype=\"https:\/\/schema.org\/CreativeWork\" ><div class='avia_textblock  av_inherit_color '  style='color:#ffffff; '  itemprop=\"text\" ><p>La privation de sommeil, due \u00e0 des interruptions de sommeil pendant la nuit et \u00e0 dormir moins d&rsquo;heures que n\u00e9cessaire, entra\u00eene une augmentation du niveau glyc\u00e9mique dans le corps, ce qui rend plus difficile la ma\u00eetrise des compulsions alimentaires, pour finir par manger plus d&rsquo;aliments nocifs.<\/p>\n<\/div><\/section><\/p>\n<\/div><\/div>\n<\/div>\n<\/div><\/div><\/div><!-- close content main div --><\/div><\/div><div id='testemunhos' class='avia-section main_color avia-section-default avia-no-border-styling avia-full-stretch avia-bg-style-scroll    container_wrap sidebar_right' style = 'background-repeat: no-repeat; background-image: url(https:\/\/saude-escudeiro.pt\/wp-content\/uploads\/2018\/08\/img-teste-1500x611.jpg);background-attachment: scroll; background-position: top left; ' data-section-bg-repeat='stretch' ><div class='container' ><div class='template-page content  av-content-small alpha units'><div class='post-entry post-entry-type-page post-entry-3944'><div class='entry-content-wrapper clearfix'>\n<div class=\"flex_column av_one_full  flex_column_div av-zero-column-padding first  \" style='border-radius:0px; '><p><div style='padding-bottom:10px; margin:0 0 0 0; ' class='av-special-heading av-special-heading-h5  blockquote modern-quote modern-centered   '><h5 class='av-special-heading-tag '  itemprop=\"headline\"  >T\u00c9MOIGNAGES<\/h5><div class='special-heading-border'><div class='special-heading-inner-border' ><\/div><\/div><\/div><br \/>\n<div  data-autoplay='1'  data-interval='20'  data-animation='fade'  data-hoverpause='1'  class='avia-testimonial-wrapper avia-slider-testimonials avia-slider-2-testimonials avia_animate_when_almost_visible  av-large-testimonial-slider  '>\n<section class ='avia-testimonial-row'><div class='avia-testimonial av_one_half flex_column no_margin avia-testimonial-row-1 avia-first-testimonial'  itemscope=\"itemscope\" itemtype=\"https:\/\/schema.org\/Person\" ><div class='avia-testimonial_inner'><div class='avia-testimonial-content av_inherit_color'   style='color:#262261; '  itemscope=\"itemscope\" itemtype=\"https:\/\/schema.org\/CreativeWork\" ><p>\u00ab\u00a0En tant que pratiquant d&rsquo;arts martiaux et de bodybuilding depuis l&rsquo;\u00e2ge de 14 ans, l&rsquo;incidence des blessures a \u00e9t\u00e9 une situation constante dans ma vie. Avec le soutien de l&rsquo;\u00e9quipe de Sa\u00fade Escudeiro, j&rsquo;ai r\u00e9ussi \u00e0 rester en bonne sant\u00e9 et \u00e9quilibr\u00e9e, assurant ainsi la continuit\u00e9 de mes pratiques. ont d\u00e9j\u00e0 \u00e9vit\u00e9 plusieurs situations de blessures et de chirurgies \u00ab\u00a0.<\/p>\n<\/div><div class='avia-testimonial-meta'><div class='avia-testimonial-arrow-wrap'><div class='avia-arrow'><\/div><\/div><div class='avia-testimonial-meta-mini'><strong  class='avia-testimonial-name'   style='color:#262261; '  itemprop=\"name\" >Pedro Pacheco<\/strong><\/div><\/div><\/div><\/div>\n<div class='avia-testimonial av_one_half flex_column no_margin avia-testimonial-row-1 '  itemscope=\"itemscope\" itemtype=\"https:\/\/schema.org\/Person\" ><div class='avia-testimonial_inner'><div class='avia-testimonial-content av_inherit_color'   style='color:#262261; '  itemscope=\"itemscope\" itemtype=\"https:\/\/schema.org\/CreativeWork\" ><p>\u00abEn f\u00e9vrier 2017, j&rsquo;ai eu une blessure \u00e0 la t\u00eate qui m&rsquo;a laiss\u00e9 pendant plusieurs mois avec des vertiges, de graves maux de t\u00eate et des troubles du sommeil. Durant cette p\u00e9riode, j&rsquo;ai \u00e9t\u00e9 suivie en neurologie et sous traitement m\u00e9dical, mais les sympt\u00f4mes ne sont pas partis. J&rsquo;ai eu 12 s\u00e9ances et \u00e0 la deuxi\u00e8me ou \u00e0 la troisi\u00e8me s\u00e9ance, j&rsquo;ai commenc\u00e9 \u00e0 me sentir mieux dans ma vie. J&rsquo;ai pu r\u00e9guler mes r\u00e9actions physiologiques et \u00e9motionnelles et am\u00e9liorer ma qualit\u00e9 de vie.<\/p>\n<\/div><div class='avia-testimonial-meta'><div class='avia-testimonial-arrow-wrap'><div class='avia-arrow'><\/div><\/div><div class='avia-testimonial-meta-mini'><strong  class='avia-testimonial-name'   style='color:#262261; '  itemprop=\"name\" >Mafalda Catarino<\/strong><\/div><\/div><\/div><\/div>\n<div class='avia-testimonial av_one_half flex_column no_margin avia-testimonial-row-1 '  itemscope=\"itemscope\" itemtype=\"https:\/\/schema.org\/Person\" ><div class='avia-testimonial_inner'><div class='avia-testimonial-content av_inherit_color'   style='color:#262261; '  itemscope=\"itemscope\" itemtype=\"https:\/\/schema.org\/CreativeWork\" ><p>Je connais cette \u00e9quipe depuis 2007 et j&rsquo;ai toujours admir\u00e9 son excellent professionnalisme dans lequel je souligne le r\u00f4le humain avec lequel elle guide la relation patient \/ th\u00e9rapeute. \u00ab\u00a0Une relation bas\u00e9e sur beaucoup d&#8217;empathie et de confiance totale est la fa\u00e7on dont je d\u00e9cris mon lien avec Sa\u00fade Escudeiro. tout pour votre travail! \u00a0\u00bb<\/p>\n<\/div><div class='avia-testimonial-meta'><div class='avia-testimonial-arrow-wrap'><div class='avia-arrow'><\/div><\/div><div class='avia-testimonial-meta-mini'><strong  class='avia-testimonial-name'   style='color:#262261; '  itemprop=\"name\" >Margarida Canoza<\/strong><\/div><\/div><\/div><\/div>\n<\/section><div class='avia-slideshow-arrows avia-slideshow-controls'  style='color:#262261; '><a href='#prev' class='prev-slide' aria-hidden='true' data-av_icon='\ue87c' data-av_iconfont='entypo-fontello'>Pr\u00e9c\u00e9dent<\/a><a href='#next' class='next-slide' aria-hidden='true' data-av_icon='\ue87d' data-av_iconfont='entypo-fontello'>Suivant<\/a><\/div><\/div><\/p><\/div><\/div><\/div><\/div><!-- close content main div --><\/div><\/div><div id='after_section_1' class='main_color av_default_container_wrap container_wrap sidebar_right'   ><div class='container' ><div class='template-page content  av-content-small alpha units'><div class='post-entry post-entry-type-page post-entry-3944'><div class='entry-content-wrapper clearfix'>\n","protected":false},"excerpt":{"rendered":"... <a href=\"https:\/\/saude-escudeiro.pt\/fr\/plus\/\">Continuar a ler<\/a>.","protected":false},"author":2,"featured_media":0,"parent":0,"menu_order":6,"comment_status":"closed","ping_status":"closed","template":"","meta":{"inline_featured_image":false,"footnotes":""},"class_list":["post-3944","page","type-page","status-publish","hentry"],"_links":{"self":[{"href":"https:\/\/saude-escudeiro.pt\/fr\/wp-json\/wp\/v2\/pages\/3944","targetHints":{"allow":["GET"]}}],"collection":[{"href":"https:\/\/saude-escudeiro.pt\/fr\/wp-json\/wp\/v2\/pages"}],"about":[{"href":"https:\/\/saude-escudeiro.pt\/fr\/wp-json\/wp\/v2\/types\/page"}],"author":[{"embeddable":true,"href":"https:\/\/saude-escudeiro.pt\/fr\/wp-json\/wp\/v2\/users\/2"}],"replies":[{"embeddable":true,"href":"https:\/\/saude-escudeiro.pt\/fr\/wp-json\/wp\/v2\/comments?post=3944"}],"version-history":[{"count":3,"href":"https:\/\/saude-escudeiro.pt\/fr\/wp-json\/wp\/v2\/pages\/3944\/revisions"}],"predecessor-version":[{"id":4303,"href":"https:\/\/saude-escudeiro.pt\/fr\/wp-json\/wp\/v2\/pages\/3944\/revisions\/4303"}],"wp:attachment":[{"href":"https:\/\/saude-escudeiro.pt\/fr\/wp-json\/wp\/v2\/media?parent=3944"}],"curies":[{"name":"wp","href":"https:\/\/api.w.org\/{rel}","templated":true}]}}

</div></div></div><!-- close content main div --></div></div><div id='curiosidades' class='av-layout-grid-container entry-content-wrapper main_color av-flex-cells   av-small-hide av-mini-hide   container_wrap sidebar_right'   >
<div class="flex_cell no_margin av_one_half   avia-full-stretch " style='height:500px; min-height:500px;background: #22689e; vertical-align:middle; padding:80px; background-color:#22689e; '><div class='flex_cell_inner' ><p><div style='padding-bottom:10px; color:#ffffff;font-size:38px;' class='av-special-heading av-special-heading-h3 custom-color-heading blockquote modern-quote modern-centered   av-inherit-size '><h3 class='av-special-heading-tag '  itemprop="headline"  >Conseils d’optimisation</h3><div class='special-heading-border'><div class='special-heading-inner-border' style='border-color:#ffffff'></div></div></div><br />
<section class="av_textblock_section "  itemscope="itemscope" itemtype="https://schema.org/CreativeWork" ><div class='avia_textblock  av_inherit_color '  style='color:#ffffff; '  itemprop="text" ><header class="entry-content-header">
<h3></h3>
<h3></h3>
<h3 class="slide-entry-title entry-title" style="text-align: center;">DORMIR</h3>
<p style="text-align: center;">Toujours se coucher et se réveiller au même moment, même le week-end, est la clé pour établir un schéma de sommeil correct et régulier.</p>
</header>
</div></section></p>
</div></div><div class="flex_cell no_margin av_one_half   avia-full-stretch " style='height:500px; min-height:500px;background:url(https://saude-escudeiro.pt/wp-content/uploads/2018/10/homem_despertador_sono.jpg) center center no-repeat scroll; vertical-align:middle; padding:80px; '><div class='flex_cell_inner' ></div></div>
</div>
</div></div></div><!-- close content main div --></div></div><div id='curiosidades' class='av-layout-grid-container entry-content-wrapper main_color av-flex-cells   av-small-hide av-mini-hide   container_wrap sidebar_right'   >
<div class="flex_cell no_margin av_one_half   avia-full-stretch " style='height:500px; min-height:500px;background:url(https://saude-escudeiro.pt/wp-content/uploads/2018/10/imagem-pag-mais_fome.jpg) center center no-repeat scroll; vertical-align:middle; padding:80px; '><div class='flex_cell_inner' ></div></div><div class="flex_cell no_margin av_one_half   " style='height:500px; min-height:500px;background: #157ab9; vertical-align:top; padding:80px; background-color:#157ab9; '><div class='flex_cell_inner' ><p><div style='padding-bottom:10px; color:#ffffff;font-size:38px;' class='av-special-heading av-special-heading-h3 custom-color-heading blockquote modern-quote modern-centered   av-inherit-size '><h3 class='av-special-heading-tag '  itemprop="headline"  >SAVIEZ-VOUS QUE&#8230;</h3><div class='special-heading-border'><div class='special-heading-inner-border' style='border-color:#ffffff'></div></div></div><br />
<section class="av_textblock_section "  itemscope="itemscope" itemtype="https://schema.org/CreativeWork" ><div class='avia_textblock  av_inherit_color '  style='color:#ffffff; '  itemprop="text" ><p>La privation de sommeil, due à des interruptions de sommeil pendant la nuit et à dormir moins d&rsquo;heures que nécessaire, entraîne une augmentation du niveau glycémique dans le corps, ce qui rend plus difficile la maîtrise des compulsions alimentaires, pour finir par manger plus d&rsquo;aliments nocifs.</p>
</div></section></p>
</div></div>
</div>
</div></div></div><!-- close content main div --></div></div><div id='testemunhos' class='avia-section main_color avia-section-default avia-no-border-styling avia-full-stretch avia-bg-style-scroll    container_wrap sidebar_right' style = 'background-repeat: no-repeat; background-image: url(https://saude-escudeiro.pt/wp-content/uploads/2018/08/img-teste-1500x611.jpg);background-attachment: scroll; background-position: top left; ' data-section-bg-repeat='stretch' ><div class='container' ><div class='template-page content  av-content-small alpha units'><div class='post-entry post-entry-type-page post-entry-3944'><div class='entry-content-wrapper clearfix'>
<div class="flex_column av_one_full  flex_column_div av-zero-column-padding first  " style='border-radius:0px; '><p><div style='padding-bottom:10px; margin:0 0 0 0; ' class='av-special-heading av-special-heading-h5  blockquote modern-quote modern-centered   '><h5 class='av-special-heading-tag '  itemprop="headline"  >TÉMOIGNAGES</h5><div class='special-heading-border'><div class='special-heading-inner-border' ></div></div></div><br />
<div  data-autoplay='1'  data-interval='20'  data-animation='fade'  data-hoverpause='1'  class='avia-testimonial-wrapper avia-slider-testimonials avia-slider-2-testimonials avia_animate_when_almost_visible  av-large-testimonial-slider  '>
<section class ='avia-testimonial-row'><div class='avia-testimonial av_one_half flex_column no_margin avia-testimonial-row-1 avia-first-testimonial'  itemscope="itemscope" itemtype="https://schema.org/Person" ><div class='avia-testimonial_inner'><div class='avia-testimonial-content av_inherit_color'   style='color:#262261; '  itemscope="itemscope" itemtype="https://schema.org/CreativeWork" ><p>« En tant que pratiquant d&rsquo;arts martiaux et de bodybuilding depuis l&rsquo;âge de 14 ans, l&rsquo;incidence des blessures a été une situation constante dans ma vie. Avec le soutien de l&rsquo;équipe de Saúde Escudeiro, j&rsquo;ai réussi à rester en bonne santé et équilibrée, assurant ainsi la continuité de mes pratiques. ont déjà évité plusieurs situations de blessures et de chirurgies « .</p>
</div><div class='avia-testimonial-meta'><div class='avia-testimonial-arrow-wrap'><div class='avia-arrow'></div></div><div class='avia-testimonial-meta-mini'><strong  class='avia-testimonial-name'   style='color:#262261; '  itemprop="name" >Pedro Pacheco</strong></div></div></div></div>
<div class='avia-testimonial av_one_half flex_column no_margin avia-testimonial-row-1 '  itemscope="itemscope" itemtype="https://schema.org/Person" ><div class='avia-testimonial_inner'><div class='avia-testimonial-content av_inherit_color'   style='color:#262261; '  itemscope="itemscope" itemtype="https://schema.org/CreativeWork" ><p>«En février 2017, j&rsquo;ai eu une blessure à la tête qui m&rsquo;a laissé pendant plusieurs mois avec des vertiges, de graves maux de tête et des troubles du sommeil. Durant cette période, j&rsquo;ai été suivie en neurologie et sous traitement médical, mais les symptômes ne sont pas partis. J&rsquo;ai eu 12 séances et à la deuxième ou à la troisième séance, j&rsquo;ai commencé à me sentir mieux dans ma vie. J&rsquo;ai pu réguler mes réactions physiologiques et émotionnelles et améliorer ma qualité de vie.</p>
</div><div class='avia-testimonial-meta'><div class='avia-testimonial-arrow-wrap'><div class='avia-arrow'></div></div><div class='avia-testimonial-meta-mini'><strong  class='avia-testimonial-name'   style='color:#262261; '  itemprop="name" >Mafalda Catarino</strong></div></div></div></div>
<div class='avia-testimonial av_one_half flex_column no_margin avia-testimonial-row-1 '  itemscope="itemscope" itemtype="https://schema.org/Person" ><div class='avia-testimonial_inner'><div class='avia-testimonial-content av_inherit_color'   style='color:#262261; '  itemscope="itemscope" itemtype="https://schema.org/CreativeWork" ><p>Je connais cette équipe depuis 2007 et j&rsquo;ai toujours admiré son excellent professionnalisme dans lequel je souligne le rôle humain avec lequel elle guide la relation patient / thérapeute. « Une relation basée sur beaucoup d&#8217;empathie et de confiance totale est la façon dont je décris mon lien avec Saúde Escudeiro. tout pour votre travail!  »</p>
</div><div class='avia-testimonial-meta'><div class='avia-testimonial-arrow-wrap'><div class='avia-arrow'></div></div><div class='avia-testimonial-meta-mini'><strong  class='avia-testimonial-name'   style='color:#262261; '  itemprop="name" >Margarida Canoza</strong></div></div></div></div>
</section><div class='avia-slideshow-arrows avia-slideshow-controls'  style='color:#262261; '><a href='#prev' class='prev-slide' aria-hidden='true' data-av_icon='' data-av_iconfont='entypo-fontello'>Précédent</a><a href='#next' class='next-slide' aria-hidden='true' data-av_icon='' data-av_iconfont='entypo-fontello'>Suivant</a></div></div></p></div></div></div></div><!-- close content main div --></div></div><div id='after_section_1' class='main_color av_default_container_wrap container_wrap sidebar_right'   ><div class='container' ><div class='template-page content  av-content-small alpha units'><div class='post-entry post-entry-type-page post-entry-3944'><div class='entry-content-wrapper clearfix'>
